 19*a + 22. Let j be c(-5). What are the prime factors of (2 - (j + -999))/1?
3, 37
Let p be (-2 - (-65364)/10) + 48/(-120). Suppose -50*t - p = -56*t. What are the prime factors of t?
3, 11
Suppose -9*q + 11*q = 2*j + 8, 0 = -3*q + j + 8. Suppose 4*g - 95 = -g. Let k = g - q. List the prime factors of k.
17
Let k(l) = l**2 + 112 + 0*l**2 - 58*l + 50*l - 32. List the prime factors of k(26).
2, 137
List the prime factors of (-124418)/(-8) + 1*11 + 9184/(-896).
103, 151
Let k(u) = -96*u + 55. Let v be k(8). Let m = -474 - v. List the prime factors of m.
239
Let y = 647 - 230. Suppose 7*h - 178 - y = 0. Let t = h + -54. List the prime factors of t.
31
Suppose 186*x = 298*x - 766976. List the prime factors of x.
2, 107
Suppose -3*x = y - 270322 - 15212, -x + 4*y + 95152 = 0. What are the prime factors of x?
2, 11897
Let h = -123 + 125. Suppose -h*c + 1250 = 2*s, -2*c - c + 4*s + 1910 = 0. What are the prime factors of c?
2, 3, 5, 7
Let v = -1466 - -2593. Let o = -1014 + v. What are the prime factors of o?
113
Let m be 125/(-4)*(7 - 3). Let n = 322 + m. Let g = n + -77. List the prime factors of g.
2, 3, 5
Let v(u) be the first derivative of -19*u**2 - 8*u - 1. Suppose -275 = 50*m - 75. List the prime factors of v(m).
2, 3
Suppose 2*a = 9 + 25. What are the prime factors of (705/2)/(a/68)?
2, 3, 5, 47
Suppose 2*n - 5*u = 28, -12*u + 7*u - 10 = 0. What are the prime factors of ((-681)/(n/3))/((-2)/6)?
3, 227
Let z = 154 - 150. Suppose 555 = z*m + m. List the prime factors of m.
3, 37
Let s = 286 + -302. List the prime factors of (2535 - -1)/2 - s/16.
3, 47
Suppose -3*x = 2*x + 20. Let c be 8*((-2)/x - (-45)/6). Suppose 3*q = 293 + c. List the prime factors of q.
7, 17
Let c(z) = 2*z - 2. Let m be c(-1). Let u be 4/(6/m*(-4)/3). Suppose -j + 375 = u*j. What are the prime factors of j?
5
What are the prime factors of (1/((-8)/(-18536)) - -2)*2?
2, 3, 773
Let i = 75 - 75. Suppose -4*k + 4*r + 1268 = -0*r, 3*r + 1265 = 4*k. What are the prime factors of (-7 + 8)/(2/k - i)?
157
Let k = -338 - -1056. List the prime factors of (1 + 0 - 3)/((-2)/k).
2, 359
Let l(g) = -2*g**3 + 2*g**2 + 2*g + 16. Let x be l(0). Suppose -x*c + 30955 = 25*c. List the prime factors of c.
5, 151
Let i(v) = -1846*v - 180. List the prime factors of i(-2).
2, 439
Suppose u + 81 - 84 = 0. Suppose 2*r + h - u*h - 176 = 0, 0 = 3*h - 9. Suppose -j = -92 - r. What are the prime factors of j?
3, 61
Suppose 4*i - 783 = -399. What are the prime factors of -3 - (0 - 30)*3104/i?
967
Let d = 2 + 0. Suppose -19*b = -11*b. Suppose b = 2*f, -5*z + 4*f - d*f + 195 = 0. List the prime factors of z.
3, 13
Let c(y) = -96*y + 4. Let q be c(-2). Suppose 6*f - 290 = q. Suppose -f = 19*j - 20*j. List the prime factors of j.
3
Suppose 3*h + 2*f = 122, 0*h + 5*h - 4*f = 240. Suppose h - 30 = j. List the prime factors of j.
2, 7
Suppose -399*d + 10*d + 10804475 = 0. List the prime factors of d.
5, 11, 101
Let p be (-5 + -19)/(2/4 + 1). Let v(w) = -w**2 - 26*w - 66. What are the prime factors of v(p)?
2, 47
Let o = -36990 + 53188. List the prime factors of o.
2, 7, 13, 89
Let v(l) = -l**3 + 13*l**2 + 11*l + 59. Let k be v(15). Let w = 94 - k. What are the prime factors of w?
2, 5
Let a(x) = -757*x - 3756. List the prime factors of a(-17).
13, 701
Suppose 8*g = 5*g + 42. Suppose -10 = -2*b + g. Let q(d) = 2*d**2 - 13*d - 47. List the prime factors of q(b).
5, 17
Let h be (-7)/5 + 4/10 + 1. Suppose 6*j - j - p - 1604 = h, j - 324 = -3*p. List the prime factors of j.
3, 107
Let s(w) = -w**2. Let i(f) = -127*f**2 + f - 2. Let k be 4/(-6)*3*(-2)/(-4). Let q(a) = k*i(a) + 6*s(a). List the prime factors of q(1).
2, 61
Let j = 1134 + -2141. Let q = j + 1407. What are the prime factors of q?
2, 5
Suppose 17883 = -6*x + 9*x + 2*d, x - 5961 = d. Suppose -9*j + x = -3840. What are the prime factors of j?
3, 11
Let d = 256 - 248. Let g(f) be the second derivative of f**4/12 - 7*f**3/6 + 2*f**2 - f. What are the prime factors of g(d)?
2, 3
Suppose -w = 0, -8*b + b + 6*b = -4*w - 7765. List the prime factors of b.
5, 1553
Suppose 337430 = -56*w + 1934326. What are the prime factors of w?
2, 7129
Suppose 2*a = 3*n - 14, -6*a + 4*a = -4*n + 18. Suppose -3*w = -n*k + 2430, 1651 = 4*k + w - 787. What are the prime factors of k?
3, 7, 29
Suppose -2*g + 4*m + 4824 = -13472, 0 = 5*g - 5*m - 45745. List the prime factors of g.
2, 3, 5, 61
What are the prime factors of ((-1)/3)/(((-232)/(-206136))/(-29))?
3, 7, 409
Let p be (-15411)/55 - (-1)/5. Let h = 35 + p. Let j = 344 + h. List the prime factors of j.
3, 11
Suppose 271656 = 29*v - 8*v - 14*v. List the prime factors of v.
2, 3, 7, 11
Let g(x) = -x**3 - 6*x**2 - x + 5. Let v be g(-5). Let p be -10*(-1)/v*6. What are the prime factors of 162/((p - -7) + -1)?
3
Let f = -1343 - -2875. Suppose 4*t - 4*g = f, -t - 3*g - 2*g = -353. What are the prime factors of t?
2, 3, 7
List the prime factors of (-4)/(-5)*(-10)/(-4)*1133.
2, 11, 103
Suppose 35*r - 32*r = 36. Let d be -2 + r/(-1 - (-4 + 1)). Suppose -92 = -d*o + 124. What are the prime factors of o?
2, 3
Let j(g) = -g**3 - 18*g**2 - 37*g - 22. Let w be j(-12). Let k = -219 - w. What are the prime factors of k?
223
Suppose 36 = t + 3*n + 3, -3*t = -4*n - 47. Suppose -t - 30 = -u. What are the prime factors of u?
3, 17
Let g be (-1)/((-6)/(-15) + (-28)/20). List the prime factors of 610 + 1 + 4 - 6/g.
3, 7, 29
Let t(f) = -103*f + 2722. List the prime factors of t(-91).
5, 41, 59
Let y be 1 + (-1 - -1) + 2. Suppose 8*s - 12*s + 6801 = -5*t, -5127 = -y*s - 5*t. List the prime factors of s.
2, 3, 71
Suppose -2*c + 4 = -6. Let s(w) = c - 15*w - 1 + 4. What are the prime factors of s(-5)?
83
Let x = 6286 + -3541. List the prime factors of x.
3, 5, 61
Let j = 16604 - -411. List the prime factors of j.
5, 41, 83
Suppose 2*h - 16859 = 62*d - 57*d, 0 = -2*h - 4*d + 16814. List the prime factors of h.
19, 443
Let d = 61109 + -43230. What are the prime factors of d?
19, 941
Let p = 98 + -57. Suppose -7*t + 1385 = p. What are the prime factors of t?
2, 3
Let f = 541 + 1376. Suppose 2*y - 254 = -a + 227, -4*a - y + f = 0. What are the prime factors of a?
479
Let z(i) = 31*i**2 - 6*i - 13. List the prime factors of z(-6).
17, 67
Suppose 3*f = 26 + 16. Suppose -f*q + 15*q = 395. What are the prime factors of q?
5, 79
Let u(d) = 5331*d + 6552. List the prime factors of u(10).
2, 3, 11, 907
Let w be 3/(-1) + 4 - -23. Suppose 3*o - 3 = -w. What are the prime factors of o*1*(-72)/14?
2, 3
Suppose -5*h - 2832 = 3388. Let u = h + 1862. What are the prime factors of u?
2, 3, 103
Let n(h) = h**2 - 28*h + 30. Let m be n(27). Suppose 2*r + 155 = m*l, -r + 54 = 2*l - 40. List the prime factors of l.
7
Let b(k) = 11*k**2 - 5*k + 2. Let x be b(-9). Suppose -4*n + 112 = -z + x, 0 = 5*z - 4*n - 4098. List the prime factors of z.
2, 409
Suppose 202 + 14 = 4*l. Suppose -870 = -7*a + l. Suppose -344 - a = -4*p. What are the prime factors of p?
7, 17
Suppose 3*b - 51 = 4*d, -32 = d + 2*b - 11. What are the prime factors of (-1716)/(-3) - (d - -8)?
3, 193
Let k(q) = 13*q**3 - 6*q**2 + 16*q - 28. Let r = 201 - 198. List the prime factors of k(r).
317
Let a be 6/(-30) + 3 + (-12)/(-10). What are the prime factors of -3 + 21/(12/a)?
2
Suppose -6*p - 115 = -29*p. What are the prime factors of (-8177)/(-65) + 1/p?
2, 3, 7
Suppose 12531 + 8129 = -10*x. Let u = -1467 - x. What are the prime factors of u?
599
Let f(k) = -k + 10*k - 8 + 27 - 10 + 20. Suppose -4*n + 59 - 3 = 0. What are the prime factors of f(n)?
5, 31
Let t = 200 - 343. Suppose 24*n - 27*n - 4*l = -989, 4*l + 1563 = 5*n. Let o = t + n. List the prime factors of o.
2, 11
Let p = -20 - -175. Let j be p/(-2) + 1 + (-43)/86. Let s = 138 + j. List the prime factors of s.
61
Let p(a) = 161*a + 539. List the prime factors of p(3).
2, 7, 73
Let n be (3/2)/(9/48) + -3. Suppose -n*f = 10 - 20. Suppose j + f*b + 40 = 144, 4*b = -5*j + 514. What are the prime factors of j?
2, 3, 17
List the prime factors of (24/57)/(-4) - (-8610042)/1102.
13, 601
Suppose -125*x - 598907 + 2624282 = 0. List the prime factors of x.
3, 11, 491
Let q(p) = p**2 + 10*p + 7. Let o be (-42)/28 + (19/(-2) - 0). Let t be 4 + -3 + (o - 0). List the prime factors of q(t).
7
Suppose -3*g + 56 = -2*j - 5*g, 5*g = -j - 28. Let l = 35 + j. Suppose l